{"id":6,"date":"2023-07-29T11:22:53","date_gmt":"2023-07-29T11:22:53","guid":{"rendered":"https:\/\/musikverein-duenschede.com\/?page_id=6"},"modified":"2023-07-29T12:22:28","modified_gmt":"2023-07-29T12:22:28","slug":"harmonie-sound-orchestra","status":"publish","type":"page","link":"https:\/\/musikverein-duenschede.com\/?page_id=6","title":{"rendered":"Harmonie Sound Orchestra"},"content":{"rendered":"\n<div class=\"wp-block-query is-layout-flow wp-block-query-is-layout-flow\"><ul class=\"wp-block-post-template is-layout-flow wp-block-post-template-is-layout-flow\"><li class=\"wp-block-post post-1 post type-post status-publish format-standard has-post-thumbnail hentry category-hso\">\n<div class=\"entry-content alignfull wp-block-post-content is-layout-flow wp-block-post-content-is-layout-flow\">\n<h4 class=\"wp-block-heading\">Moderne Tanzmusik live mit dem <em>Harmonie Sound Orchestra<\/em>!<\/h4>\n\n\n\n<p><em>Harmonie Sound Orchestra<\/em> &#8211; der Name erinnert an die gro\u00dfe Zeit der Tanzmusik aus den 1960er und 1970er Jahren. Aus dieser Zeit stammt auch das <em>Harmonie Sound Orchestra<\/em>, das 1968 als moderne Tanzband des Musikvereins &#8222;Harmonie&#8220; D\u00fcnschede gegr\u00fcndet wurde.<\/p>\n\n\n\n<p><strong>Alter Name &#8211; moderner Sound!<\/strong><\/p>\n\n\n\n<p>Der alte Name ist geblieben, doch die Musikerinnen und Musiker des <em>Harmonie Sound Orchestras<\/em> passen sich nat\u00fcrlich dem Zeitgeist an und bieten ein breites Repertoire an aktueller, moderner Tanzmusik &#8211; egal, ob Pop, Rock oder Schlager. Vergewissern Sie sich doch und besuchen Sie uns auf einem unserer Auftritte! Wir sind uns sicher, dass wir jedes Tanzbein in Bewegung bringen.<\/p>\n\n\n\n<p>F\u00fcr An- oder R\u00fcckfragen stehen wir Ihnen nat\u00fcrlich gerne zur Verf\u00fcgung. Melden Sie sich einfach bei:<\/p>\n\n\n\n<p><a href=\"mailto:Patrick.Plassmann@Musikverein-Duenschede.de\" data-type=\"mailto\" data-id=\"mailto:Patrick.Plassmann@Musikverein-Duenschede.de\">Patrick.Plassmann [at] Musikverein-Duenschede.de<\/a><\/p>\n<\/div>\n<\/li><\/ul><\/div>\n","protected":false},"excerpt":{"rendered":"","protected":false},"author":1,"featured_media":8,"parent":10,"menu_order":1,"comment_status":"closed","ping_status":"closed","template":"","meta":{"footnotes":""},"class_list":["post-6","page","type-page","status-publish","has-post-thumbnail","hentry"],"_links":{"self":[{"href":"https:\/\/musikverein-duenschede.com\/index.php?rest_route=\/wp\/v2\/pages\/6","targetHints":{"allow":["GET"]}}],"collection":[{"href":"https:\/\/musikverein-duenschede.com\/index.php?rest_route=\/wp\/v2\/pages"}],"about":[{"href":"https:\/\/musikverein-duenschede.com\/index.php?rest_route=\/wp\/v2\/types\/page"}],"author":[{"embeddable":true,"href":"https:\/\/musikverein-duenschede.com\/index.php?rest_route=\/wp\/v2\/users\/1"}],"replies":[{"embeddable":true,"href":"https:\/\/musikverein-duenschede.com\/index.php?rest_route=%2Fwp%2Fv2%2Fcomments&post=6"}],"version-history":[{"count":8,"href":"https:\/\/musikverein-duenschede.com\/index.php?rest_route=\/wp\/v2\/pages\/6\/revisions"}],"predecessor-version":[{"id":49,"href":"https:\/\/musikverein-duenschede.com\/index.php?rest_route=\/wp\/v2\/pages\/6\/revisions\/49"}],"up":[{"embeddable":true,"href":"https:\/\/musikverein-duenschede.com\/index.php?rest_route=\/wp\/v2\/pages\/10"}],"wp:featuredmedia":[{"embeddable":true,"href":"https:\/\/musikverein-duenschede.com\/index.php?rest_route=\/wp\/v2\/media\/8"}],"wp:attachment":[{"href":"https:\/\/musikverein-duenschede.com\/index.php?rest_route=%2Fwp%2Fv2%2Fmedia&parent=6"}],"curies":[{"name":"wp","href":"https:\/\/api.w.org\/{rel}","templated":true}]}}