{"id":50,"date":"2023-07-29T12:21:55","date_gmt":"2023-07-29T12:21:55","guid":{"rendered":"https:\/\/musikverein-duenschede.com\/?page_id=50"},"modified":"2025-05-27T05:51:27","modified_gmt":"2025-05-27T05:51:27","slug":"orchester","status":"publish","type":"page","link":"https:\/\/musikverein-duenschede.com\/?page_id=50","title":{"rendered":"Orchester"},"content":{"rendered":"\n<div class=\"wp-block-query is-layout-flow wp-block-query-is-layout-flow\"><ul class=\"wp-block-post-template is-layout-flow wp-block-post-template-is-layout-flow\"><li class=\"wp-block-post post-25 post type-post status-publish format-standard has-post-thumbnail hentry category-orchester\">\n<div class=\"entry-content wp-block-post-content is-layout-flow wp-block-post-content-is-layout-flow\">\n<p><strong>Das Hauptorchester des Musikvereins stellt sich vor!<\/strong><\/p>\n\n\n\n<div class=\"wp-block-group is-horizontal is-content-justification-center is-nowrap is-layout-flex wp-container-core-group-is-layout-c1dfda1e wp-block-group-is-layout-flex\">\n<div class=\"wp-block-columns wp-container-content-9cfa9a5a is-layout-flex wp-container-core-columns-is-layout-9d6595d7 wp-block-columns-is-layout-flex\">\n<div class=\"wp-block-column is-vertically-aligned-center has-very-light-gray-to-cyan-bluish-gray-gradient-background has-background is-layout-flow wp-block-column-is-layout-flow\">\n<div class=\"wp-block-columns is-layout-flex wp-container-core-columns-is-layout-9d6595d7 wp-block-columns-is-layout-flex\">\n<div class=\"wp-block-column is-vertically-aligned-center is-layout-flow wp-block-column-is-layout-flow\"><div class=\"wp-block-image is-style-rounded\">\n<figure class=\"aligncenter size-large\"><img loading=\"lazy\" decoding=\"async\" width=\"1024\" height=\"138\" src=\"https:\/\/musikverein-duenschede.com\/wp-content\/uploads\/2023\/07\/Klarinetten-1024x138.png\" alt=\"\" class=\"wp-image-28\" srcset=\"https:\/\/musikverein-duenschede.com\/wp-content\/uploads\/2023\/07\/Klarinetten-1024x138.png 1024w, https:\/\/musikverein-duenschede.com\/wp-content\/uploads\/2023\/07\/Klarinetten-300x41.png 300w, https:\/\/musikverein-duenschede.com\/wp-content\/uploads\/2023\/07\/Klarinetten-768x104.png 768w, https:\/\/musikverein-duenschede.com\/wp-content\/uploads\/2023\/07\/Klarinetten-1536x207.png 1536w, https:\/\/musikverein-duenschede.com\/wp-content\/uploads\/2023\/07\/Klarinetten-1240x167.png 1240w, https:\/\/musikverein-duenschede.com\/wp-content\/uploads\/2023\/07\/Klarinetten-508x69.png 508w, https:\/\/musikverein-duenschede.com\/wp-content\/uploads\/2023\/07\/Klarinetten.png 1600w\" sizes=\"auto, (max-width: 1024px) 100vw, 1024px\" \/><\/figure>\n<\/div><\/div>\n\n\n\n<div class=\"wp-block-column is-vertically-aligned-center is-layout-flow wp-block-column-is-layout-flow\">\n<p class=\"has-text-align-left has-small-font-size\">Jana Deimel, Lisa-Marie Pilaric, Celina Ortm\u00fcller, Verena Bayer, Celina Plassmann, Lorena Saure, Mona Deimel, Sophia Kr\u00f6mer, Carolin Kellermann, Clara Kellermann, Nicole Zimmer, Jennifer Struck<\/p>\n<\/div>\n<\/div>\n<\/div>\n<\/div>\n<\/div>\n\n\n\n<div class=\"wp-block-group is-horizontal is-content-justification-center is-nowrap is-layout-flex wp-container-core-group-is-layout-c1dfda1e wp-block-group-is-layout-flex\">\n<div class=\"wp-block-columns are-vertically-aligned-center wp-container-content-9cfa9a5a is-layout-flex wp-container-core-columns-is-layout-9d6595d7 wp-block-columns-is-layout-flex\">\n<div class=\"wp-block-column is-vertically-aligned-center has-very-light-gray-to-cyan-bluish-gray-gradient-background has-background is-layout-flow wp-block-column-is-layout-flow\">\n<div class=\"wp-block-columns is-layout-flex wp-container-core-columns-is-layout-9d6595d7 wp-block-columns-is-layout-flex\">\n<div class=\"wp-block-column is-vertically-aligned-center is-layout-flow wp-block-column-is-layout-flow\"><div class=\"wp-block-image is-style-rounded\">\n<figure class=\"aligncenter size-large\"><img loading=\"lazy\" decoding=\"async\" width=\"1024\" height=\"138\" src=\"https:\/\/musikverein-duenschede.com\/wp-content\/uploads\/2023\/07\/Querfloeten-1024x138.png\" alt=\"\" class=\"wp-image-37\" srcset=\"https:\/\/musikverein-duenschede.com\/wp-content\/uploads\/2023\/07\/Querfloeten-1024x138.png 1024w, https:\/\/musikverein-duenschede.com\/wp-content\/uploads\/2023\/07\/Querfloeten-300x41.png 300w, https:\/\/musikverein-duenschede.com\/wp-content\/uploads\/2023\/07\/Querfloeten-768x104.png 768w, https:\/\/musikverein-duenschede.com\/wp-content\/uploads\/2023\/07\/Querfloeten-1536x207.png 1536w, https:\/\/musikverein-duenschede.com\/wp-content\/uploads\/2023\/07\/Querfloeten-1240x167.png 1240w, https:\/\/musikverein-duenschede.com\/wp-content\/uploads\/2023\/07\/Querfloeten-508x69.png 508w, https:\/\/musikverein-duenschede.com\/wp-content\/uploads\/2023\/07\/Querfloeten.png 1600w\" sizes=\"auto, (max-width: 1024px) 100vw, 1024px\" \/><\/figure>\n<\/div><\/div>\n\n\n\n<div class=\"wp-block-column is-vertically-aligned-center is-layout-flow wp-block-column-is-layout-flow\">\n<p class=\"has-text-align-left has-small-font-size\">Katja Gibson, Carolin Bilsing, Lisa Zimmer, Ann-Kathrin H\u00fcnnies, Christina Klein (Oboe)<\/p>\n<\/div>\n<\/div>\n<\/div>\n<\/div>\n<\/div>\n\n\n\n<div class=\"wp-block-columns are-vertically-aligned-center wp-container-content-9cfa9a5a is-layout-flex wp-container-core-columns-is-layout-9d6595d7 wp-block-columns-is-layout-flex\">\n<div class=\"wp-block-column is-vertically-aligned-center has-very-light-gray-to-cyan-bluish-gray-gradient-background has-background is-layout-flow wp-block-column-is-layout-flow\">\n<div class=\"wp-block-columns is-layout-flex wp-container-core-columns-is-layout-9d6595d7 wp-block-columns-is-layout-flex\">\n<div class=\"wp-block-column is-vertically-aligned-center is-layout-flow wp-block-column-is-layout-flow\"><div class=\"wp-block-image is-style-rounded\">\n<figure class=\"aligncenter size-large\"><img loading=\"lazy\" decoding=\"async\" width=\"1024\" height=\"138\" src=\"https:\/\/musikverein-duenschede.com\/wp-content\/uploads\/2023\/07\/Saxophone-1024x138.png\" alt=\"\" class=\"wp-image-38\" srcset=\"https:\/\/musikverein-duenschede.com\/wp-content\/uploads\/2023\/07\/Saxophone-1024x138.png 1024w, https:\/\/musikverein-duenschede.com\/wp-content\/uploads\/2023\/07\/Saxophone-300x41.png 300w, https:\/\/musikverein-duenschede.com\/wp-content\/uploads\/2023\/07\/Saxophone-768x104.png 768w, https:\/\/musikverein-duenschede.com\/wp-content\/uploads\/2023\/07\/Saxophone-1536x207.png 1536w, https:\/\/musikverein-duenschede.com\/wp-content\/uploads\/2023\/07\/Saxophone-1240x167.png 1240w, https:\/\/musikverein-duenschede.com\/wp-content\/uploads\/2023\/07\/Saxophone-508x69.png 508w, https:\/\/musikverein-duenschede.com\/wp-content\/uploads\/2023\/07\/Saxophone.png 1600w\" sizes=\"auto, (max-width: 1024px) 100vw, 1024px\" \/><\/figure>\n<\/div><\/div>\n\n\n\n<div class=\"wp-block-column is-vertically-aligned-center is-layout-flow wp-block-column-is-layout-flow\">\n<p class=\"has-text-align-left has-small-font-size\">Ren\u00e9 Arens, Emma Zimmer,  Dirk Sch\u00fcrmann<\/p>\n<\/div>\n<\/div>\n<\/div>\n<\/div>\n\n\n\n<div class=\"wp-block-columns are-vertically-aligned-center wp-container-content-9cfa9a5a is-layout-flex wp-container-core-columns-is-layout-9d6595d7 wp-block-columns-is-layout-flex\">\n<div class=\"wp-block-column is-vertically-aligned-center has-very-light-gray-to-cyan-bluish-gray-gradient-background has-background is-layout-flow wp-block-column-is-layout-flow\">\n<div class=\"wp-block-columns is-layout-flex wp-container-core-columns-is-layout-9d6595d7 wp-block-columns-is-layout-flex\">\n<div class=\"wp-block-column is-vertically-aligned-center is-layout-flow wp-block-column-is-layout-flow\"><div class=\"wp-block-image is-style-rounded\">\n<figure class=\"aligncenter size-large\"><img loading=\"lazy\" decoding=\"async\" width=\"1024\" height=\"138\" src=\"https:\/\/musikverein-duenschede.com\/wp-content\/uploads\/2023\/07\/Hoerner-1024x138.png\" alt=\"\" class=\"wp-image-39\" srcset=\"https:\/\/musikverein-duenschede.com\/wp-content\/uploads\/2023\/07\/Hoerner-1024x138.png 1024w, https:\/\/musikverein-duenschede.com\/wp-content\/uploads\/2023\/07\/Hoerner-300x41.png 300w, https:\/\/musikverein-duenschede.com\/wp-content\/uploads\/2023\/07\/Hoerner-768x104.png 768w, https:\/\/musikverein-duenschede.com\/wp-content\/uploads\/2023\/07\/Hoerner-1536x207.png 1536w, https:\/\/musikverein-duenschede.com\/wp-content\/uploads\/2023\/07\/Hoerner-1240x167.png 1240w, https:\/\/musikverein-duenschede.com\/wp-content\/uploads\/2023\/07\/Hoerner-508x69.png 508w, https:\/\/musikverein-duenschede.com\/wp-content\/uploads\/2023\/07\/Hoerner.png 1600w\" sizes=\"auto, (max-width: 1024px) 100vw, 1024px\" \/><\/figure>\n<\/div><\/div>\n\n\n\n<div class=\"wp-block-column is-vertically-aligned-center is-layout-flow wp-block-column-is-layout-flow\">\n<p class=\"has-text-align-left has-small-font-size\"><\/p>\n<\/div>\n<\/div>\n<\/div>\n<\/div>\n\n\n\n<div class=\"wp-block-columns are-vertically-aligned-center wp-container-content-9cfa9a5a is-layout-flex wp-container-core-columns-is-layout-9d6595d7 wp-block-columns-is-layout-flex\">\n<div class=\"wp-block-column is-vertically-aligned-center has-very-light-gray-to-cyan-bluish-gray-gradient-background has-background is-layout-flow wp-block-column-is-layout-flow\">\n<div class=\"wp-block-columns is-layout-flex wp-container-core-columns-is-layout-9d6595d7 wp-block-columns-is-layout-flex\">\n<div class=\"wp-block-column is-vertically-aligned-center is-layout-flow wp-block-column-is-layout-flow\"><div class=\"wp-block-image is-style-rounded\">\n<figure class=\"aligncenter size-large\"><img loading=\"lazy\" decoding=\"async\" width=\"1024\" height=\"138\" src=\"https:\/\/musikverein-duenschede.com\/wp-content\/uploads\/2023\/07\/Fluegelhorn-1024x138.png\" alt=\"\" class=\"wp-image-40\" srcset=\"https:\/\/musikverein-duenschede.com\/wp-content\/uploads\/2023\/07\/Fluegelhorn-1024x138.png 1024w, https:\/\/musikverein-duenschede.com\/wp-content\/uploads\/2023\/07\/Fluegelhorn-300x41.png 300w, https:\/\/musikverein-duenschede.com\/wp-content\/uploads\/2023\/07\/Fluegelhorn-768x104.png 768w, https:\/\/musikverein-duenschede.com\/wp-content\/uploads\/2023\/07\/Fluegelhorn-1536x207.png 1536w, https:\/\/musikverein-duenschede.com\/wp-content\/uploads\/2023\/07\/Fluegelhorn-1240x167.png 1240w, https:\/\/musikverein-duenschede.com\/wp-content\/uploads\/2023\/07\/Fluegelhorn-508x69.png 508w, https:\/\/musikverein-duenschede.com\/wp-content\/uploads\/2023\/07\/Fluegelhorn.png 1600w\" sizes=\"auto, (max-width: 1024px) 100vw, 1024px\" \/><\/figure>\n<\/div><\/div>\n\n\n\n<div class=\"wp-block-column is-vertically-aligned-center is-layout-flow wp-block-column-is-layout-flow\">\n<p class=\"has-text-align-left has-small-font-size\">Antonius Deimel, Ralf Hesse, Felix Springmann<\/p>\n<\/div>\n<\/div>\n<\/div>\n<\/div>\n\n\n\n<div class=\"wp-block-columns are-vertically-aligned-center wp-container-content-9cfa9a5a is-layout-flex wp-container-core-columns-is-layout-9d6595d7 wp-block-columns-is-layout-flex\">\n<div class=\"wp-block-column is-vertically-aligned-center has-very-light-gray-to-cyan-bluish-gray-gradient-background has-background is-layout-flow wp-block-column-is-layout-flow\">\n<div class=\"wp-block-columns is-layout-flex wp-container-core-columns-is-layout-9d6595d7 wp-block-columns-is-layout-flex\">\n<div class=\"wp-block-column is-vertically-aligned-center is-layout-flow wp-block-column-is-layout-flow\"><div class=\"wp-block-image is-style-rounded\">\n<figure class=\"aligncenter size-large\"><img loading=\"lazy\" decoding=\"async\" width=\"1024\" height=\"138\" src=\"https:\/\/musikverein-duenschede.com\/wp-content\/uploads\/2023\/07\/Trompete-1024x138.png\" alt=\"\" class=\"wp-image-41\" srcset=\"https:\/\/musikverein-duenschede.com\/wp-content\/uploads\/2023\/07\/Trompete-1024x138.png 1024w, https:\/\/musikverein-duenschede.com\/wp-content\/uploads\/2023\/07\/Trompete-300x41.png 300w, https:\/\/musikverein-duenschede.com\/wp-content\/uploads\/2023\/07\/Trompete-768x104.png 768w, https:\/\/musikverein-duenschede.com\/wp-content\/uploads\/2023\/07\/Trompete-1536x207.png 1536w, https:\/\/musikverein-duenschede.com\/wp-content\/uploads\/2023\/07\/Trompete-1240x167.png 1240w, https:\/\/musikverein-duenschede.com\/wp-content\/uploads\/2023\/07\/Trompete-508x69.png 508w, https:\/\/musikverein-duenschede.com\/wp-content\/uploads\/2023\/07\/Trompete.png 1600w\" sizes=\"auto, (max-width: 1024px) 100vw, 1024px\" \/><\/figure>\n<\/div><\/div>\n\n\n\n<div class=\"wp-block-column is-vertically-aligned-center is-layout-flow wp-block-column-is-layout-flow\">\n<p class=\"has-text-align-left has-small-font-size\">Wigbert Steinberg, Martin Kr\u00f6mer, Maximilian Kr\u00f6mer, Noah Sch\u00fcrmann, Jonah Fecker, Moritz Schiller<\/p>\n<\/div>\n<\/div>\n<\/div>\n<\/div>\n\n\n\n<div class=\"wp-block-columns are-vertically-aligned-center wp-container-content-9cfa9a5a is-layout-flex wp-container-core-columns-is-layout-9d6595d7 wp-block-columns-is-layout-flex\">\n<div class=\"wp-block-column is-vertically-aligned-center has-very-light-gray-to-cyan-bluish-gray-gradient-background has-background is-layout-flow wp-block-column-is-layout-flow\">\n<div class=\"wp-block-columns is-layout-flex wp-container-core-columns-is-layout-9d6595d7 wp-block-columns-is-layout-flex\">\n<div class=\"wp-block-column is-vertically-aligned-center is-layout-flow wp-block-column-is-layout-flow\"><div class=\"wp-block-image is-style-rounded\">\n<figure class=\"aligncenter size-large\"><img loading=\"lazy\" decoding=\"async\" width=\"1024\" height=\"138\" src=\"https:\/\/musikverein-duenschede.com\/wp-content\/uploads\/2023\/07\/Posaunen-1024x138.png\" alt=\"\" class=\"wp-image-42\" srcset=\"https:\/\/musikverein-duenschede.com\/wp-content\/uploads\/2023\/07\/Posaunen-1024x138.png 1024w, https:\/\/musikverein-duenschede.com\/wp-content\/uploads\/2023\/07\/Posaunen-300x41.png 300w, https:\/\/musikverein-duenschede.com\/wp-content\/uploads\/2023\/07\/Posaunen-768x104.png 768w, https:\/\/musikverein-duenschede.com\/wp-content\/uploads\/2023\/07\/Posaunen-1536x207.png 1536w, https:\/\/musikverein-duenschede.com\/wp-content\/uploads\/2023\/07\/Posaunen-1240x167.png 1240w, https:\/\/musikverein-duenschede.com\/wp-content\/uploads\/2023\/07\/Posaunen-508x69.png 508w, https:\/\/musikverein-duenschede.com\/wp-content\/uploads\/2023\/07\/Posaunen.png 1600w\" sizes=\"auto, (max-width: 1024px) 100vw, 1024px\" \/><\/figure>\n<\/div><\/div>\n\n\n\n<div class=\"wp-block-column is-vertically-aligned-center is-layout-flow wp-block-column-is-layout-flow\">\n<p class=\"has-text-align-left has-small-font-size\">Manfred K\u00f6nig, Maximilian Fecker, Marc Zajonc, Angela Kraft, Alexander Bayer<\/p>\n<\/div>\n<\/div>\n<\/div>\n<\/div>\n\n\n\n<div class=\"wp-block-columns are-vertically-aligned-center wp-container-content-9cfa9a5a is-layout-flex wp-container-core-columns-is-layout-9d6595d7 wp-block-columns-is-layout-flex\">\n<div class=\"wp-block-column is-vertically-aligned-center has-very-light-gray-to-cyan-bluish-gray-gradient-background has-background is-layout-flow wp-block-column-is-layout-flow\">\n<div class=\"wp-block-columns is-layout-flex wp-container-core-columns-is-layout-9d6595d7 wp-block-columns-is-layout-flex\">\n<div class=\"wp-block-column is-vertically-aligned-center is-layout-flow wp-block-column-is-layout-flow\"><div class=\"wp-block-image is-style-rounded\">\n<figure class=\"aligncenter size-large\"><img loading=\"lazy\" decoding=\"async\" width=\"1024\" height=\"138\" src=\"https:\/\/musikverein-duenschede.com\/wp-content\/uploads\/2023\/07\/Tenorhoerner-1024x138.png\" alt=\"\" class=\"wp-image-43\" srcset=\"https:\/\/musikverein-duenschede.com\/wp-content\/uploads\/2023\/07\/Tenorhoerner-1024x138.png 1024w, https:\/\/musikverein-duenschede.com\/wp-content\/uploads\/2023\/07\/Tenorhoerner-300x41.png 300w, https:\/\/musikverein-duenschede.com\/wp-content\/uploads\/2023\/07\/Tenorhoerner-768x104.png 768w, https:\/\/musikverein-duenschede.com\/wp-content\/uploads\/2023\/07\/Tenorhoerner-1536x207.png 1536w, https:\/\/musikverein-duenschede.com\/wp-content\/uploads\/2023\/07\/Tenorhoerner-1240x167.png 1240w, https:\/\/musikverein-duenschede.com\/wp-content\/uploads\/2023\/07\/Tenorhoerner-508x69.png 508w, https:\/\/musikverein-duenschede.com\/wp-content\/uploads\/2023\/07\/Tenorhoerner.png 1600w\" sizes=\"auto, (max-width: 1024px) 100vw, 1024px\" \/><\/figure>\n<\/div><\/div>\n\n\n\n<div class=\"wp-block-column is-vertically-aligned-center is-layout-flow wp-block-column-is-layout-flow\">\n<p class=\"has-text-align-left has-small-font-size\">Raimund Kr\u00f6mer, Lukas Heller, Stefan Zimmer<\/p>\n<\/div>\n<\/div>\n<\/div>\n<\/div>\n\n\n\n<div class=\"wp-block-columns are-vertically-aligned-center wp-container-content-9cfa9a5a is-layout-flex wp-container-core-columns-is-layout-9d6595d7 wp-block-columns-is-layout-flex\">\n<div class=\"wp-block-column is-vertically-aligned-center has-very-light-gray-to-cyan-bluish-gray-gradient-background has-background is-layout-flow wp-block-column-is-layout-flow\">\n<div class=\"wp-block-columns is-layout-flex wp-container-core-columns-is-layout-9d6595d7 wp-block-columns-is-layout-flex\">\n<div class=\"wp-block-column is-vertically-aligned-center is-layout-flow wp-block-column-is-layout-flow\"><div class=\"wp-block-image is-style-rounded\">\n<figure class=\"aligncenter size-large\"><img loading=\"lazy\" decoding=\"async\" width=\"1024\" height=\"138\" src=\"https:\/\/musikverein-duenschede.com\/wp-content\/uploads\/2023\/07\/Tuben-1024x138.png\" alt=\"\" class=\"wp-image-44\" srcset=\"https:\/\/musikverein-duenschede.com\/wp-content\/uploads\/2023\/07\/Tuben-1024x138.png 1024w, https:\/\/musikverein-duenschede.com\/wp-content\/uploads\/2023\/07\/Tuben-300x41.png 300w, https:\/\/musikverein-duenschede.com\/wp-content\/uploads\/2023\/07\/Tuben-768x104.png 768w, https:\/\/musikverein-duenschede.com\/wp-content\/uploads\/2023\/07\/Tuben-1536x207.png 1536w, https:\/\/musikverein-duenschede.com\/wp-content\/uploads\/2023\/07\/Tuben-1240x167.png 1240w, https:\/\/musikverein-duenschede.com\/wp-content\/uploads\/2023\/07\/Tuben-508x69.png 508w, https:\/\/musikverein-duenschede.com\/wp-content\/uploads\/2023\/07\/Tuben.png 1600w\" sizes=\"auto, (max-width: 1024px) 100vw, 1024px\" \/><\/figure>\n<\/div><\/div>\n\n\n\n<div class=\"wp-block-column is-vertically-aligned-center is-layout-flow wp-block-column-is-layout-flow\">\n<p class=\"has-text-align-left has-small-font-size\">Wolfgang Springmann, Stefan Schauerte, Wolfgang Schulte<\/p>\n<\/div>\n<\/div>\n<\/div>\n<\/div>\n\n\n\n<div class=\"wp-block-columns are-vertically-aligned-center wp-container-content-9cfa9a5a is-layout-flex wp-container-core-columns-is-layout-9d6595d7 wp-block-columns-is-layout-flex\">\n<div class=\"wp-block-column is-vertically-aligned-center has-very-light-gray-to-cyan-bluish-gray-gradient-background has-background is-layout-flow wp-block-column-is-layout-flow\">\n<div class=\"wp-block-columns is-layout-flex wp-container-core-columns-is-layout-9d6595d7 wp-block-columns-is-layout-flex\">\n<div class=\"wp-block-column is-vertically-aligned-center is-layout-flow wp-block-column-is-layout-flow\"><div class=\"wp-block-image is-style-rounded\">\n<figure class=\"aligncenter size-large\"><img loading=\"lazy\" decoding=\"async\" width=\"1024\" height=\"138\" src=\"https:\/\/musikverein-duenschede.com\/wp-content\/uploads\/2023\/07\/Schlagzeug-1024x138.png\" alt=\"\" class=\"wp-image-45\" srcset=\"https:\/\/musikverein-duenschede.com\/wp-content\/uploads\/2023\/07\/Schlagzeug-1024x138.png 1024w, https:\/\/musikverein-duenschede.com\/wp-content\/uploads\/2023\/07\/Schlagzeug-300x41.png 300w, https:\/\/musikverein-duenschede.com\/wp-content\/uploads\/2023\/07\/Schlagzeug-768x104.png 768w, https:\/\/musikverein-duenschede.com\/wp-content\/uploads\/2023\/07\/Schlagzeug-1536x207.png 1536w, https:\/\/musikverein-duenschede.com\/wp-content\/uploads\/2023\/07\/Schlagzeug-1240x167.png 1240w, https:\/\/musikverein-duenschede.com\/wp-content\/uploads\/2023\/07\/Schlagzeug-508x69.png 508w, https:\/\/musikverein-duenschede.com\/wp-content\/uploads\/2023\/07\/Schlagzeug.png 1600w\" sizes=\"auto, (max-width: 1024px) 100vw, 1024px\" \/><\/figure>\n<\/div><\/div>\n\n\n\n<div class=\"wp-block-column is-vertically-aligned-center is-layout-flow wp-block-column-is-layout-flow\">\n<p class=\"has-text-align-left has-small-font-size\">Benedikt K\u00f6nig, Horst Kellermann, Ralf Sch\u00fcrmann, Patrick Plassmann, Timo K\u00f6nig,  Daniel Arens, Jannik Eckert<\/p>\n<\/div>\n<\/div>\n<\/div>\n<\/div>\n<\/div>\n<\/li><\/ul><\/div>\n","protected":false},"excerpt":{"rendered":"","protected":false},"author":1,"featured_media":157,"parent":10,"menu_order":0,"comment_status":"closed","ping_status":"closed","template":"","meta":{"footnotes":""},"class_list":["post-50","page","type-page","status-publish","has-post-thumbnail","hentry"],"_links":{"self":[{"href":"https:\/\/musikverein-duenschede.com\/index.php?rest_route=\/wp\/v2\/pages\/50","targetHints":{"allow":["GET"]}}],"collection":[{"href":"https:\/\/musikverein-duenschede.com\/index.php?rest_route=\/wp\/v2\/pages"}],"about":[{"href":"https:\/\/musikverein-duenschede.com\/index.php?rest_route=\/wp\/v2\/types\/page"}],"author":[{"embeddable":true,"href":"https:\/\/musikverein-duenschede.com\/index.php?rest_route=\/wp\/v2\/users\/1"}],"replies":[{"embeddable":true,"href":"https:\/\/musikverein-duenschede.com\/index.php?rest_route=%2Fwp%2Fv2%2Fcomments&post=50"}],"version-history":[{"count":1,"href":"https:\/\/musikverein-duenschede.com\/index.php?rest_route=\/wp\/v2\/pages\/50\/revisions"}],"predecessor-version":[{"id":52,"href":"https:\/\/musikverein-duenschede.com\/index.php?rest_route=\/wp\/v2\/pages\/50\/revisions\/52"}],"up":[{"embeddable":true,"href":"https:\/\/musikverein-duenschede.com\/index.php?rest_route=\/wp\/v2\/pages\/10"}],"wp:featuredmedia":[{"embeddable":true,"href":"https:\/\/musikverein-duenschede.com\/index.php?rest_route=\/wp\/v2\/media\/157"}],"wp:attachment":[{"href":"https:\/\/musikverein-duenschede.com\/index.php?rest_route=%2Fwp%2Fv2%2Fmedia&parent=50"}],"curies":[{"name":"wp","href":"https:\/\/api.w.org\/{rel}","templated":true}]}}